Let w be v(22). What is the highest common divisor of w and 6?
3
Suppose 26 = 5*o + 4*d, d + 7 = -o + 2*o. Suppose 5*v = o + 74. Calculate the greatest common divisor of 80 and v.
16
Suppose 2 = 2*n + 5*m, 5*n + 4*m - 15 - 24 = 0. Suppose 0 = -r + 4*r - 132. Calculate the greatest common divisor of n and r.
11
Suppose 4*p + 5*p - 54 = 0. Calculate the greatest common factor of p and 30.
6
Let p = -42 - -70. Calculate the greatest common divisor of p and 308.
28
Let t be 2/4 - 45/(-18). Let q = 8 + -5. Suppose 0 = 5*j - j - t*k - 179, -q = 3*k. Calculate the highest common factor of 11 and j.
11
Let q(k) = 2*k - 14. Let x be q(10). Calculate the greatest common factor of x and 18.
6
Suppose -3*u - 4 = c, -5*c - 7 = 5*u + 3. Let i be (2 + c)/(-2 - -1). Let r be i - -64*(2 - 1). Calculate the greatest common divisor of 7 and r.
7
Suppose -25*t + 26*t = 98. Calculate the highest common factor of t and 14.
14
Suppose -6*t = i - t - 12, 0 = 2*i + 4*t - 12. Let c(p) = -p + 1. Let w be c(-3). Suppose 0 = l - w*l + 15. What is the highest common factor of l and i?
1
Let a = -38 + 302. Suppose -o + 3 = 0, -7*z = -3*z + 3*o + 87. Let x be (z/7)/((-3)/21). Calculate the greatest common divisor of a and x.
24
Let d(x) = -x**2 + x + 1. Let k be d(2). Let j(g) = -120*g**3 + 2*g**2 + g. Let y be j(k). Let p = -66 + y. What is the highest common factor of p and 22?
11
Let f(z) = z**2 + 6*z - 4. Let i be f(-7). Suppose 0 = -3*c + i, -2*c + 15 = 2*n + 5. What is the greatest common factor of n and 32?
4
Suppose 40 = -j + 6*j. Calculate the highest common divisor of 72 and j.
8
Let g = -11 + 15. Suppose c - 52 = -g*q + 93, -2*c = -q + 34. What is the greatest common factor of q and 9?
9
Suppose 27 = 2*c - c - 4*a, a + 4 = 0. What is the highest common factor of c and 11?
11
Let a = 6 - 6. Suppose 3*c + 2*c - 50 = a. What is the highest common factor of 100 and c?
10
Suppose 0 = -8*b - 92 + 356. What is the greatest common divisor of 198 and b?
33
Suppose 6 - 48 = -14*d. Calculate the greatest common divisor of d and 2.
1
Let x = -14 + 6. Let z = x + 18. Calculate the greatest common factor of 4 and z.
2
Suppose 0 = -3*b - 2*j + 118, -j - 2 = -2*j. Let y = b - 4. Calculate the greatest common factor of y and 85.
17
Let b(o) = -12*o + 3. Let d be b(-4). Suppose -4*w = 4*v - 5*v + 10, 4*v = 5*w + d. What is the highest common divisor of 7 and v?
7
Let t be 18 - (3 + (2 - 7)). What is the highest common factor of t and 20?
20
Let p be -3 + 0 - (-1 + 1). Let h(b) = 2*b**2 + 2*b - 4. Let q be h(p). Let z be (-716)/(-18) - (-22)/99. What is the greatest common factor of q and z?
8
Let p(k) = -k - 1. Let g be p(-6). Suppose -2*s + g*s = 27. Calculate the greatest common factor of 9 and s.
9
Let t(g) = -g + 7. Let s be t(-15). Calculate the greatest common divisor of s and 11.
11
Let l(t) = -t**2 + 23*t + 21. Let a be l(16). Calculate the highest common divisor of a and 19.
19
Let o = -9 - -12. Suppose 4*n - 3*w - w - 212 = 0, -o*n = 2*w - 134. What is the greatest common factor of n and 32?
16
Let x = -1 - -2. Let k(z) = 9*z - 1. Let i be k(x). Suppose 3*m + q = -q + 50, -2*m - 5*q + 37 = 0. What is the greatest common divisor of i and m?
8
Let q(x) = -x**3 + 11*x**2 - 11*x + 14. Let a be q(10). Let v be 4/10 + (-38)/(-5). What is the highest common factor of v and a?
4
Let v = -22 + 26. Calculate the highest common factor of v and 28.
4
Let y(k) = -k**3 + 12*k**2 - 12*k + 16. Let w be (-128)/(-12) - (-3)/9. Let u be y(w). Calculate the greatest common divisor of u and 20.
5
Let f be -112*((-10)/5 - 0). Calculate the greatest common factor of f and 28.
28
Suppose 174 = 4*f + 14. Suppose -21 = -4*w + 35. Suppose -2 - w = -i. Calculate the highest common divisor of i and f.
8
Let v = 96 + 69. Calculate the greatest common factor of v and 15.
15
Suppose 4*a - 3*m - 25 = 0, -m = -7*a + 2*a + 23. Suppose -4*w + 48 = a*j, -w + 6*w - 32 = -3*j. What is the greatest common factor of j and 14?
14
Let k(b) = -b**3 + 7*b**2 + 3. Let o be k(7). What is the highest common factor of 21 and o?
3
Let q = 63 + 27. What is the greatest common factor of q and 45?
45
Let r be 190/10 + 1 + 1. Calculate the highest common factor of r and 21.
21
Let w(l) = 6*l. Let u be w(1). Calculate the greatest common divisor of 15 and u.
3
Let o be (5/(-15))/((-1)/18). Suppose 22 = 2*z + o. Let r(b) = 3*b + 2. Let g be r(2). Calculate the greatest common factor of z and g.
8
Let x be 2/6 + (-133)/21. Let b be x/2*6/(-9). Suppose -4*y = y - b*l - 196, 3*l = -3*y + 126. Calculate the highest common factor of y and 4.
4
Let d be (6 - 2)/(1/(-1)). Let t = d + 34. What is the greatest common factor of 15 and t?
15
Let b(f) = -5*f - 5. Let t be b(-5). Suppose -t = 4*u - 120. Let g = 115 - u. Calculate the highest common divisor of 36 and g.
18
Let y(p) = p**3 - 19*p**2 + 33*p + 37. Let z be y(17). Calculate the greatest common divisor of z and 50.
10
Let a = -4 + 12. Suppose -3*n - f = 2*n - 91, -35 = -n + 4*f. Suppose 5*m - 1 - n = 0. Calculate the highest common divisor of m and a.
4
Let k be (9 - (-3 + 1)) + -2. Let p be 1/(10/k + -1). Let l = -3 + 4. Calculate the highest common factor of l and p.
1
Let g = 3 - -30. Let w = g + -15. Suppose -2*a - 31 = -2*m + 3*a, 3*m + 5*a = 59. What is the highest common divisor of w and m?
18
Suppose -2*p + 6*p = -3*c + 111, p - 9 = 3*c. What is the greatest common divisor of p and 6?
6
Suppose -2*k = -3*k + 7. Let r = -11 + 15. Suppose 3*m + k = r*m. What is the greatest common divisor of m and 35?
7
Suppose 0*h - 28 = -4*h. Suppose -h*z = -3*z - 172. Let f = z + -19. What is the greatest common factor of 60 and f?
12
Let d = 10 + -6. Suppose 5*x + 4*w = 25, -d*w - 19 = -5*x + 46. What is the highest common factor of 6 and x?
3
Suppose 0 = -5*o - 0*o + 100. What is the greatest common factor of 220 and o?
20
Let k(h) = 11*h**2 + 4*h + 5. Let r be k(-4). Calculate the highest common divisor of 15 and r.
15
Let y(g) = g**2 - 6*g + 2. Let z be y(6). Let b = -13 - -10. Let l = b - -6. What is the greatest common divisor of l and z?
1
Let a(o) = -8*o**2 + 3*o + 4. Let y be a(3). Let c = -14 - y. What is the highest common divisor of 15 and c?
15
Suppose 0 = 3*h - 2*o - 1524, 3*h + 4*o - 1506 = -0*o. Calculate the highest common factor of 46 and h.
46
Suppose -2*v = -2*j + 2*v + 56, 5*v - 40 = -3*j. Calculate the greatest common divisor of 60 and j.
20
Suppose 18 + 30 = -3*n. Let d be (n/(-6) + -2)*108. Suppose -g = 3*g - 32. Calculate the greatest common factor of d and g.
8
Let l be ((1 + -1)/1)/1. Suppose -3*z = -l*z - 462. Calculate the highest common factor of 14 and z.
14
Suppose 0 = 3*b - 5*h - 88, 4*b + 0*h = h + 140. Let d(u) = -u**3 + 8*u**2 + 10*u. Let k be d(9). Calculate the highest common factor of b and k.
9
Let d(q) = 2*q**2 - 7*q - 5. Let h be d(-5). Suppose -3*o + h = o. What is the highest common divisor of 40 and o?
20
Let m(z) = -4*z**2 + z + 1. Let n be m(2). Let q be (1 + 5)*n/(-26). What is the highest common factor of q and 15?
3
Let o(j) = 2*j - 3. Let u be o(2). Calculate the greatest common factor of 9 and u.
1
Let n = 94 - 79. Suppose 0 = -3*r + 2*r + 15. What is the greatest common factor of n and r?
15
Let x(q) = q**2 + 2*q - 8. Let a be x(8). Calculate the highest common factor of 12 and a.
12
Let r = -18 + 30. What is the highest common divisor of 1 and r?
1
Suppose -95 = 16*n - 575. What is the highest common factor of 30 and n?
30
Let x = -31 - -42. Let i be 5*7 - (-3 - -5). Calculate the greatest common divisor of i and x.
11
Let q = 12 + -21. Let z be -18*(0 - (-48)/q). Calculate the highest common factor of z and 16.
16
Suppose -77 = -10*r - 7. Calculate the highest common factor of r and 28.
7
Suppose -13*w - 722 + 2074 = 0. What is the highest common divisor of w and 8?
8
Let w(n) = n**3 + n**2 + n + 24. Let c be (0/1)/(3 - 1). Let z be w(c). Let t be (-2*12)/(-2)*5. What is the greatest common divisor of t and z?
12
Let n be (15 + -9)/(6/(-4)). Let s(i) = -i**3 - 4*i**2 - i. Let j be s(n). Let h = 8 + -6. What is the greatest common divisor of h and j?
2
Suppose -20 = -4*z - 8, 0 = 5*g + 3*z - 89. Let f be (-1 + 217)/((-9)/(-6)). Calculate the highest common divisor of g and f.
16
Let m(a) = 80*a**3 + 2. Let j(p) = p**3 + p**2 - p